1895. Is o a composite number?
False
Let a = 409570 + -71641. Is a composite?
True
Let l = 59461 + 99028. Is l composite?
False
Let b be ((-2099)/(-2))/((-7)/1680*-5). Suppose -47*v + 71*v - b = 0. Is v composite?
False
Let d = 83 + -89. Is ((-6)/(-9))/(d/(-27549)) composite?
False
Let y be ((-1384)/6)/((-13)/(-2808)*12). Let v = 8509 + y. Is v prime?
True
Let c(t) = 6*t**2 + 11*t - 10. Let a = -56 + 46. Let b be c(a). Let m = 811 - b. Is m a prime number?
True
Suppose -5*x - 3*s + 270555 + 7534454 = 0, 1561029 = x + 4*s. Is x a prime number?
True
Let f(d) = -2*d**2 - d + 20. Let w be f(6). Let v = w - -60. Suppose -j = -u - 234, -u + 246 = j + v*u. Is j prime?
False
Let i(v) = 2957*v + 48. Is i(45) composite?
True
Let p be 12 + 1 - 1*2/2. Suppose -28 = -3*q - q + 4*g, -g - p = -2*q. Suppose q*u = 4*l - 3742, 3*u = 2*l + 841 - 2713. Is l composite?
True
Let b = 2607 + -372. Let d = -980 + b. Is d a composite number?
True
Let j = 79 + -70. Let b be j*24/(-9)*4/(-8). Suppose -b = 3*g, 5*x = -0*x + 5*g + 1345. Is x a prime number?
False
Suppose -5*f + 2*w + 20130461 = 0, -4*f - 23*w + 16104261 = -40*w. Is f a prime number?
False
Suppose 5*f + 5 = -5*j, 6*j - 5*f - 23 = 2*j. Suppose j*x - 20402 = -4*z, -2*x - 20393 = -4*z - x. Is z composite?
False
Suppose -4*b - 6 = -5*b. Let u be (3*1/(-1))/(b/(-4628)). Let o = u + -1577. Is o prime?
False
Let f = 220256 + -87963. Is f a prime number?
False
Suppose 0 = -7*i + 101 + 2888. Let z = i + -216. Is z a composite number?
False
Let d = -22264 + 4105. Let g = -9740 - d. Is g a prime number?
True
Let u(p) = 204*p**2 + 33*p - 4. Let r(w) = -w**2 + 11*w + 131. Let d be r(18). Is u(d) a composite number?
False
Suppose 1243816 = 4*l - 4*z, -5*z + 1243786 = 4*l - 3*z. Is l composite?
False
Let g = -551 - -2051. Let a be 12/(-48)*(1 + -1 - 0). Suppose -3*x - 3 = -a*x, 0 = -5*k - 5*x + g. Is k a composite number?
True
Suppose 0 = 2*u + 8, -8*r = -6*r - 3*u + 7192. Let p = -2 + 4. Is r/p*(11 - 12) a prime number?
True
Let m(q) = 45 + 53 - 113 + 2249*q. Is m(4) composite?
True
Let a = -464134 - -965177. Is a a prime number?
True
Let g(m) = -m**2 + 10*m + 6. Let n be g(10). Suppose -53157 = -n*w + 7641. Is w a prime number?
True
Suppose -5*i = -4*k + 729226, 43*i - 44*i + 729238 = 4*k. Is k composite?
False
Let u(i) = i**2 - 2. Let y be u(2). Suppose p - 62 = 2*m - 58, 4*m + 5*p - 20 = 0. Suppose 2*z = -y, -5*n - 3*z + 0*z + 5012 = m. Is n a prime number?
False
Let n be (-1 - 1)*(40 + -33). Is 7/n*-1*1042 a prime number?
True
Let s = -12 + -36. Let h = 44 + s. Is -1902*h/8 + 2 composite?
False
Let c be 2*12/10 + (-2)/5. Let y(b) = b. Let z(x) = -40*x - 21. Let t(d) = c*y(d) + z(d). Is t(-11) prime?
True
Let z(s) = 9*s**3 + 2*s**2 + 7*s - 5. Suppose -25 = 33*c - 38*c, -5*o + 10 = -2*c. Is z(o) composite?
False
Suppose -6*r - 19*r + 4324975 = 0. Is r composite?
False
Is (-1 - -140062) + ((-549)/72 - 33/88) a composite number?
False
Suppose h - 5*z - 6325 = 0, 10*z - 5*z = -3*h + 18955. Let p = h - -8049. Is p a composite number?
False
Let i(w) = 2*w**2 + 6*w + 17. Let t = -10 + 2. Is i(t) a composite number?
False
Suppose 711*h = 713*h - 24. Let f(q) = -q**3 + 31*q**2 - 17*q - 29. Is f(h) prime?
True
Is (234/(-27) - -9)*38859 a prime number?
True
Suppose h - 367411 = -2*l, 259200 = -4*h + 2*l + 1728784. Is h a prime number?
False
Let h(p) = 148*p**3 + p**2 - 7*p + 1. Let k = -82 - -81. Let t be (3 - 2)*2 - k. Is h(t) a prime number?
False
Let b(u) = 5*u - 38. Let q be b(8). Suppose -q*n = -0*n + 2*y - 1648, -2484 = -3*n + y. Suppose d - 2*d = -2*w - n, 2*d - 1657 = 5*w. Is d a prime number?
True
Let v be ((-1692)/(-10))/(7 + (-9303)/1330). Suppose 2*j + 5*b - 16098 = -0*b, 2*b + v = 4*j. Is j prime?
True
Suppose -16*i - 2*g + 26315 = -11*i, 5 = g. Is i prime?
True
Let y = -19866 + 52901. Is y composite?
True
Suppose -5*b + 5*m = -696890, -3*b + 5*m - 81613 = -499761. Is b a prime number?
False
Suppose -29*w + 792 = -26*w. Let n = 59 + w. Is n prime?
False
Suppose -29*w + 926911 = 66*w - 899559. Is w composite?
True
Let v(n) = 3*n**2 + 9*n - 226. Suppose -16*a + 14*a = -34. Is v(a) a prime number?
False
Suppose 17*x - 2403551 = -5*c + 13*x, 5*x = c - 480687. Is c a composite number?
False
Let w(s) = -2467*s + 1668. Is w(-31) a prime number?
False
Suppose -2*c - 45 = -5*k - 30, -5*k - c = 0. Suppose -f = -k - 2, 5*j + 2*f = 3401. Is j prime?
False
Let k = 248 - 231. Let n(g) = -g**3 + 23*g**2 + 20*g - 15. Is n(k) prime?
False
Suppose 0 = -2*j - w + 3 - 0, 4*j = w + 21. Let g be (1 + 6/(-30))/(j/(-10)). Is (-2 - -3)*(-694)/g composite?
False
Let q(o) = 366*o - 77. Let b(a) = -a**3 - 6*a**2 - a. Suppose -2*j = h - 4*h - 22, 0 = 3*h + 5*j + 8. Let v be b(h). Is q(v) a composite number?
True
Let b = -1276957 - -2896844. Is b prime?
True
Suppose -3*f + 51758 = j + j, 51752 = 3*f - 4*j. Let u = f - 7029. Is u a composite number?
False
Let z(y) = 4*y**3 + 281*y**2 + 202*y + 221. Is z(-66) prime?
False
Let i(b) = 6*b - 3. Let k be i(-8). Let o = k + 71. Is o/25 - 7844/(-20) prime?
False
Let g = 117153 - -22528. Is g a prime number?
True
Let i(y) be the first derivative of 7*y**3/2 + 10*y**2 + 17*y - 15. Let p(z) be the first derivative of i(z). Is p(19) a composite number?
False
Let s be ((-3)/54*-9)/(2/64). Suppose 0 = -5*h + s*h - 33. Suppose 531 = j - 4*v, 0 = h*v + 6 - 3. Is j composite?
True
Suppose 579920 = 2*a + 2*u, 645*a + 2*u = 646*a - 289981. Is a a composite number?
False
Suppose -25*z = 4*z - 429809. Is z composite?
False
Suppose -42 = -3*m - 4*m. Suppose 0 = m*y - 20996 + 6530. Is y a prime number?
True
Let l = -90 + -336. Let y be (-24)/(-16) - 10/4. Is (-2 - -4) + l/(2*y) a composite number?
True
Suppose -l = 16*l + 36*l - 13216981. Is l composite?
False
Suppose w + 207*a - 735777 = 203*a, 2943024 = 4*w + 2*a. Is w composite?
True
Suppose -5*l + 3*l - 464 = 0. Let b = 34 + l. Let d = b + 309. Is d prime?
False
Suppose 806*u + 6 = 804*u. Let o(m) = 4*m + 7. Let f(j) = j + 1. Let w(q) = -3*f(q) - o(q). Is w(u) prime?
True
Suppose -3*r - 23*w + 19*w = -23475, -4*w + 24 = 0. Is r prime?
True
Let s be (6*1 - 5/1) + 19223. Suppose -s = -9*f - 5517. Is f a composite number?
False
Let h(z) = z**3 + 20*z**2 - 3*z - 47. Let g be h(-20). Suppose -52386 = -g*q + 13121. Is q composite?
False
Let n(p) = -p**3 - 15*p**2 - 15*p - 9. Let f be n(-14). Suppose -4*o + f*o - 5507 = 0. Is o a composite number?
False
Let p = -3629 - -107178. Is p composite?
False
Suppose -2*v + 1286 = -2*b, 1851*v + 3213 = 1856*v - 4*b. Is v a prime number?
True
Let l = -142 + 199. Suppose 54*w + 24165 = 3*x + l*w, -5*w = -5. Is x composite?
True
Suppose 3*m + 1803 = 3*o, 2*m + 5*o - 2*o = -1192. Let n = m - -966. Is n a prime number?
True
Suppose -5*u = -5*v - 3706690, -2*u + 63*v - 65*v + 1482648 = 0. Is u prime?
False
Suppose 35 = -5*j, 2*j + 227108 = -4*m + 1654490. Is m prime?
False
Let z(f) = -2*f**3 - 16*f**2 - 7*f + 26. Let j = 143 - 155. Is z(j) a prime number?
False
Let p(l) = -3 + 21 + 1 + 8 - 205*l. Suppose 5*s - 48 = 8*s. Is p(s) a composite number?
False
Let a(h) = 27736*h**2 + 4*h - 63. Is a(-5) a prime number?
True
Let j(r) = -122*r + 26. Let h be j(-18). Let s = h - 589. Is s prime?
False
Suppose -3*v - 689961 + 3511530 = 0. Is v a composite number?
False
Let t = 65367 + 65642. Is t prime?
True
Suppose 0 = -3*j - 3 - 6, 0 = -s + 5*j + 13. Let q be 0/(s/6*3). Suppose 0 = -2*h + 12 - 2, l - 3*h - 806 = q. Is l composite?
False
Let h be (8/(-5))/(2/(-80)). Let t be 6/(-45) + (h/30 - 1). Is (12033/(-3))/t*7/(-21) prime?
False
Let j = 117931 - 43578. Is j a composite number?
False
Let k(o) = o**2 + 21*o + 123. Let x be k(-12). Let i(p) = 60*p + 177. Is i(x) prime?
False
Suppose 616692 = -33*n + 15*n + 6175974. Is n a composite number?
False
Let d(p) = 5*p + 90. Let b be d(-17). Suppose -b*w + 665 = -10*g + 8*g, 4*w = 2*g + 534. Is w a composite number?
False
Let n(i) = -3*i**3 - 3*i**2 + 13*i - 14. Let m be n(8). Let p = -732 - m. Suppose 3*h + p = 3675. Is h a composite number?
True
Let x(f) = -6*f**2 - 9*f - 5. Let c(t) = -t + 1. Let r(s) = 6*c(s) - x(s). Let b = 87 + -79. Is r(b) a prime number?
True
Let w = 46 - 23. Let y = w - 22. Is (-1338)/(-2)*(y - 0/(-1)) a composite number?
True
Suppose 2*f - q - 38 = 27, 4*f + q = 127. Let 